{"id":49,"date":"2013-12-29T00:29:11","date_gmt":"2013-12-29T00:29:11","guid":{"rendered":"http:\/\/beta.messerhayn.de\/?page_id=49"},"modified":"2018-12-19T12:20:44","modified_gmt":"2018-12-19T12:20:44","slug":"impressum","status":"publish","type":"page","link":"http:\/\/www.messerhayn.de\/?page_id=49","title":{"rendered":"Impressum"},"content":{"rendered":"<div id=\"dslc-theme-content\"><div id=\"dslc-theme-content-inner\"><table>\n<tbody>\n<tr>\n<th colspan=\"2\" align=\"left\">Angaben gem. Teledienstgesetz (TDG):<\/th>\n<\/tr>\n<tr>\n<td>Berufsbezeichnung:<\/td>\n<td>Kaufmann<\/td>\n<\/tr>\n<tr>\n<td>Berufserlaubnis<\/td>\n<td>Gemeinde Belm<\/td>\n<\/tr>\n<tr>\n<td>Adresse:<\/td>\n<td>Im Butenfelde 10,\u00a049191\u00a0Belm<\/td>\n<\/tr>\n<tr>\n<td>e-mail:<\/td>\n<td>messerhayn@osnanet.de<\/td>\n<\/tr>\n<tr>\n<td valign=\"top\">Aufsichtsbeh\u00f6rde:<\/td>\n<td>IHK Osnabr\u00fcck-Emsland<\/td>\n<\/tr>\n<tr>\n<td>Berufsordnung:<\/td>\n<td>IHK Osnabr\u00fcck-Emsland<\/td>\n<\/tr>\n<tr>\n<td>Umsatzsteuernummer:<\/td>\n<td>DE 180927603<\/td>\n<\/tr>\n<\/tbody>\n<\/table>\n<p>Alle Artikel entsprechen dem Waffengesetz (WaffG) in seiner derzeit g\u00fcltigen Fassung.<\/p>\n<p>&nbsp;<\/p>\n<p>Das Angebot wird st\u00e4ndig aktualisiert und ist frei vom Einflu\u00df irgendwelcher Sponsoren.<br \/>\nAlle Anfragen werden vertraulich behandelt.<br \/>\nInnerhalb der Websites kann ich nat\u00fcrlich nur f\u00fcr die von mir selbst verfassten Inhalte Verantwortung \u00fcbernehmen. Eine Haftung f\u00fcr fehlerhafte Inhalte ist ausgeschlossen.<br \/>\nDie Verantwortung f\u00fcr die Inhalte externer Links wird von den dortigen Betreibern getragen.<\/p>\n<p>&nbsp;<\/p>\n<p><strong>Hinweis zu Google Analytics\u00a0<\/strong><\/p>\n<p><span style=\"line-height: 1.5em\">Diese Website benutzt Google Analytics, einen Webanalysedienst der Google Inc. (\u201eGoogle\u201c). Google Analytics verwendet sog. \u201eCookies\u201c, Textdateien, die auf Ihrem Computer gespeichert werden und die eine Analyse der Benutzung der Website durch Sie erm\u00f6glichen. Die durch den Cookie erzeugten Informationen \u00fcber Ihre Benutzung dieser Website (einschlie\u00dflich Ihrer IP-Adresse, die jedoch vor dem Speichern mit der Methode _anonymizeIp() anonymisiert wird, so dass sie nicht mehr einem Anschluss zugeordnet werden kann) wird an einen Server von Google in den USA \u00fcbertragen und dort gespeichert. Google wird diese Informationen benutzen, um Ihre Nutzung der Website auszuwerten, um Reports \u00fcber die Websiteaktivit\u00e4ten f\u00fcr die Websitebetreiber zusammenzustellen und um weitere mit der Websitenutzung und der Internetnutzung verbundene Dienstleistungen zu erbringen. Auch wird Google diese Informationen gegebenenfalls an Dritte \u00fcbertragen, sofern dies gesetzlich vorgeschrieben oder soweit Dritte diese Daten im Auftrag von Google verarbeiten. Google wird in keinem Fall Ihre IP-Adresse mit anderen Daten von Google in Verbindung bringen. Sie k\u00f6nnen die Installation der Cookies durch eine entsprechende Einstellung Ihrer Browser-Software verhindern; wir weisen Sie jedoch darauf hin, dass Sie in diesem Fall gegebenenfalls nicht s\u00e4mtliche Funktionen dieser Website vollumf\u00e4nglich nutzen k\u00f6nnen. Durch die Nutzung dieser Website erkl\u00e4ren Sie sich mit der Bearbeitung der \u00fcber Sie erhobenen Daten durch Google in der zuvor beschriebenen Art und Weise und zu dem zuvor benannten Zweck einverstanden.\u00a0<\/span><br \/>\nSie k\u00f6nnen der Erhebung der Daten durch Google-Analytics mit Wirkung f\u00fcr die Zukunft widersprechen, indem sie ein Deaktivierungs-Add-on (http:\/\/tools.google.com\/dlpage\/gaoptout?hl=de) f\u00fcr Ihren Browser installieren.<\/p>\n<p>&nbsp;<\/p>\n<p>This website uses Google Analytics, a web analytics service provided by Google, Inc. (\u201cGoogle\u201d). Google Analytics uses \u201ccookies\u201d, which are text files placed on your computer, to help the website analyze how users use the site. The information generated by the cookie about your use of the website (including your IP address truncated by the last octet prior to its storage using the \u201c_anonymizeIp()\u201d method) will be transmitted to and stored by Google on servers in the United States . Google will use this information for the purpose of evaluating your use of the website, compiling reports on website activity for website operators and providing other services relating to website activity and internet usage. Google may also transfer this information to third parties where required to do so by law, or where such third parties process the information on Google\u2019s behalf. Google will not associate your IP address with any other data held by Google. You may refuse the use of cookies by selecting the appropriate settings on your browser, however please note that if you do this you may not be able to use the full functionality of this website. By using this website, you consent to the processing of data about you by Google in the manner and for the purposes set out above. You can opt-out from being tracked by Google Analytics with effect for the future by downloading and installing Google Analytics Opt-out Browser Addon for your current web browser: http:\/\/tools.google.com\/dlpage\/gaoptout?hl=en.<\/p>\n<\/div><\/div>","protected":false},"excerpt":{"rendered":"<p>Angaben gem. Teledienstgesetz (TDG): Berufsbezeichnung: Kaufmann Berufserlaubnis Gemeinde Belm Adresse: Im Butenfelde 10,\u00a049191\u00a0Belm e-mail: messerhayn@osnanet.de Aufsichtsbeh\u00f6rde: IHK Osnabr\u00fcck-Emsland Berufsordnung: IHK Osnabr\u00fcck-Emsland Umsatzsteuernummer: DE 180927603 Alle Artikel entsprechen dem Waffengesetz (WaffG) in seiner derzeit g\u00fcltigen Fassung. &nbsp; Das Angebot wird st\u00e4ndig aktualisiert und ist frei vom Einflu\u00df irgendwelcher Sponsoren. Alle Anfragen werden vertraulich behandelt. Innerhalb der&#8230;<\/p>\n","protected":false},"author":1,"featured_media":0,"parent":0,"menu_order":0,"comment_status":"closed","ping_status":"closed","template":"","meta":[],"_links":{"self":[{"href":"http:\/\/www.messerhayn.de\/index.php?rest_route=\/wp\/v2\/pages\/49"}],"collection":[{"href":"http:\/\/www.messerhayn.de\/index.php?rest_route=\/wp\/v2\/pages"}],"about":[{"href":"http:\/\/www.messerhayn.de\/index.php?rest_route=\/wp\/v2\/types\/page"}],"author":[{"embeddable":true,"href":"http:\/\/www.messerhayn.de\/index.php?rest_route=\/wp\/v2\/users\/1"}],"replies":[{"embeddable":true,"href":"http:\/\/www.messerhayn.de\/index.php?rest_route=%2Fwp%2Fv2%2Fcomments&post=49"}],"version-history":[{"count":5,"href":"http:\/\/www.messerhayn.de\/index.php?rest_route=\/wp\/v2\/pages\/49\/revisions"}],"predecessor-version":[{"id":884,"href":"http:\/\/www.messerhayn.de\/index.php?rest_route=\/wp\/v2\/pages\/49\/revisions\/884"}],"wp:attachment":[{"href":"http:\/\/www.messerhayn.de\/index.php?rest_route=%2Fwp%2Fv2%2Fmedia&parent=49"}],"curies":[{"name":"wp","href":"https:\/\/api.w.org\/{rel}","templated":true}]}}